the prime factors of q(g)?
2, 7
Suppose -5*t + 3808 + 9991 = 4*d, -3*t + 8277 = 2*d. What are the prime factors of t?
5, 19, 29
Suppose 12 = 7*n - 6*n. Let r(b) = 2*b**3 - 12*b**3 - 5*b + 8*b**2 + 9*b**3 + n. What are the prime factors of r(5)?
2, 31
Suppose 6*y + 46 = 4*j, 5*j = -y - 3*y. Let u(q) = -22*q - 2. Let i(z) = z - 1. Let k(x) = 6*i(x) + u(x). List the prime factors of k(y).
2, 3
Suppose 272*u - 6077711 = 5320221 - 778508. List the prime factors of u.
2, 3, 241
List the prime factors of 897218/28 + (42/12 - 7).
2, 3, 5, 89
Suppose 6*i - i - 3*c - 11407 = 0, -2259 = -i - 5*c. Suppose 2*f - 4435 = -5*s + i, -f = -2*s + 2682. List the prime factors of s.
2, 11, 61
Let z(l) be the first derivative of 8*l + 0*l**3 + 1/4*l**4 - 2*l**2 + 9. What are the prime factors of z(5)?
113
Let x(p) = -7*p**3 + 12*p**2 + 8*p - 6. Let g(c) = 6*c**3 - 10*c**2 - 8*c + 7. Let t(b) = -6*g(b) - 5*x(b). What are the prime factors of t(-7)?
5, 11
Suppose -110*b = 91*b - 34*b - 5022859. What are the prime factors of b?
19, 1583
Let h(o) = -5*o**3 + 3*o**2 - 2. Let n be h(-3). Suppose -3*m + y = 332, 5*m + 6*y - y + 540 = 0. Let u = n + m. What are the prime factors of u?
2, 5
Let x(t) = -t**3 + 20*t**2 - 16*t - 185. List the prime factors of x(-22).
5, 4099
Let d(j) = -10*j**3 - 7*j**2 - 92*j - 108. List the prime factors of d(-12).
2, 3, 1439
Let p(t) = -56*t - 147. Let s be p(5). Let v = -232 - s. List the prime factors of v.
3, 5, 13
Suppose 0 = -3*a + q - 3*q + 16, 3*q = -3*a + 21. Let v be a/1*(-208)/(-8). Let o = v + -14. What are the prime factors of o?
2, 19
Suppose 159*p - 1447091 = -169685. List the prime factors of p.
2, 3, 13, 103
Let s(l) = 37*l + 148. Let m(k) = -k**3 + 10*k**2 + 15*k - 10. Let r be m(11). List the prime factors of s(r).
2, 19, 37
List the prime factors of (15/(-6))/((-120)/281616).
5867
Let o be (4 - (-84)/(-20))*-5. Let m(k) = 43*k**3 + 4*k**2 - 2*k + 1. Let h be m(o). Suppose 42*z = h*z - 840. List the prime factors of z.
2, 3, 5, 7
Suppose -16*n = 5*q - 11*n - 13235, 2644 = q + 2*n. What are the prime factors of q?
2, 5, 53
Let q(y) = 160*y + 56. Let b be -2*(-1)/((-6)/(-9)). What are the prime factors of q(b)?
2, 67
Suppose -q + 0*c + 2 = -2*c, -q = 2*c + 2. Suppose 6*h + q = 12. Suppose 3*r - 82 = -x - 26, -h*x - 4*r = -114. What are the prime factors of x?
59
Suppose -23 - 77 = -4*a. Let l = a - 22. Suppose 4*s - 2*s - 414 = 2*j, -l*s - j = -601. List the prime factors of s.
2, 101
Let s = -139 + 129. List the prime factors of (1206/(-8))/(s/40).
3, 67
Let p(x) = x**3 + 9*x**2 + 11*x + 3. Suppose -5*m + 6*m = 0. Suppose 5*f - 4*f = 4*d - 7, -2*f - d - 14 = m. List the prime factors of p(f).
2, 3
Let j(m) = 670*m**2 - 21*m - 12. List the prime factors of j(-3).
3, 2027
Let p be (-2 - -3) + 1 + 2. Suppose -p*i + 58 = 2*d, 3*d = -2*i - 2*d + 25. What are the prime factors of ((-10)/i)/(2/(-252))?
2, 3, 7
Let x = -2815 - -3389. List the prime factors of x.
2, 7, 41
Let g(j) = 39*j**2 - 107*j - 1255. List the prime factors of g(-13).
7, 31
Let w be (-5 - 54/(-12))*10*-1. Suppose w*g + 2280 = 8*g. What are the prime factors of g?
2, 5, 19
Suppose 0 = 5*i + 19 + 101. Let t = 3 - i. Suppose -2*r = -r - t. What are the prime factors of r?
3
What are the prime factors of (-257387415)/(-4599) - (-1)/21?
2, 27983
Let b be -3*5*(-192)/120. Let u(n) = 55*n + 255. List the prime factors of u(b).
3, 5, 7
Let v(n) = -n**2 + 12*n - 12. Let s be v(4). Let u = 68 - s. Let a = u - -86. List the prime factors of a.
2, 67
Let g = 117 + -74. Suppose 0 = -47*i + g*i + 484. What are the prime factors of i?
11
Let d = -53 + 53. Suppose d = h - 759 + 231. Suppose 6*x = 12*x - h. What are the prime factors of x?
2, 11
Suppose 48*g - 8*g = 6*g + 276760. List the prime factors of g.
2, 5, 11, 37
Let q = 45478 + 5051. What are the prime factors of q?
3, 16843
Suppose 36*l - 63 = 29*l. Suppose l*k = 648 + 450. What are the prime factors of k?
2, 61
Let y(t) = 75*t - 4 - 36*t - 35*t - 2. Let d = -14 + 22. List the prime factors of y(d).
2, 13
Let j = -37885 - -80726. What are the prime factors of j?
42841
Suppose 0 = -7*g + 6*g - 126. Let y(q) = 8*q**2 - 4*q - 1. Let m be y(-5). Let h = m + g. List the prime factors of h.
3, 31
Let t = 43674 + -22680. List the prime factors of t.
2, 3, 3499
Let h(q) = 126*q + 63. Let j be 13 + -8 + 0/4. What are the prime factors of h(j)?
3, 7, 11
What are the prime factors of (6/4)/(((-1388808)/(-106832))/(-1) - -13)?
3, 11, 607
Let d(x) = 3*x**2 - 46*x - 32. Let f be d(16). Suppose -1730 = -f*b - 5*b. What are the prime factors of b?
2, 173
Suppose 0 = 125*j - 183*j + 326250. List the prime factors of j.
3, 5
Let n = -134 + 136. Suppose -5*c + 575 = 2*b + b, -n*c = -8. List the prime factors of b.
5, 37
Let q be (2 + -4)*(8665/10 - 1). What are the prime factors of 6/(-18)*q + 7?
2, 73
Let n be (36/16)/(1/12). Suppose 0*y - 5*d = 3*y - 372, 5*y - 2*d - 589 = 0. Suppose -n = -t + y. List the prime factors of t.
2, 73
Suppose -46*r = -44*r - 2*k - 14824, 2*r = 3*k + 14820. List the prime factors of r.
2, 3, 103
Suppose -4*v - 5*r + 352592 = -4*r, 0 = -3*v + 4*r + 264406. What are the prime factors of v?
2, 3, 59, 83
Let b(m) = -115*m + 1. Let l(i) = -115*i + 1. Let x(q) = -6*b(q) + 5*l(q). List the prime factors of x(2).
229
Let n(v) = v**2 - 17*v + 16. Let r be n(9). Let m = r - -4. Let y = 89 + m. List the prime factors of y.
37
Suppose 2*z - 3*z = -469. Let v = 50 + z. List the prime factors of v.
3, 173
Suppose -42 = -2*u - 38. Suppose -u*v - 434 = -m - 7*v, -2*m + v = -824. List the prime factors of m.
2, 3, 23
Suppose 103*w - 101*w = i + 11334, 3*w + 3*i = 17028. List the prime factors of w.
2, 3, 5, 7
Let y(g) = 2*g**2 - 21*g - 29. Suppose -f - 2*r + 5 = 16, 27 = -2*f + r. List the prime factors of y(f).
2, 3, 97
Let x(i) = -33 - 17*i - 4*i + 6*i - 3*i + 3*i + i**2. List the prime factors of x(27).
3, 97
Suppose -4*d - 27*n + 66 = -29*n, n + 15 = d. Suppose 8036 + 4744 = d*u. List the prime factors of u.
2, 5, 71
Let s(p) = p**2 + 11*p + 5. Let w be s(-11). Suppose w*c - 4*t - 146 = -6*t, 2*c + 2*t = 62. List the prime factors of c.
2, 7
Let m be 1760/572 - 2/26. Suppose 3*s - 2133 = m*t, 5*s = -2*t + 1195 + 2388. List the prime factors of s.
5, 11, 13
Suppose -4*b - 2*d = -d + 11, -3*b - d = 8. Let w(q) = 2*q**2 - 93. Let y(n) = -3*n**2 + 92. Let p(g) = b*y(g) - 4*w(g). What are the prime factors of p(0)?
2, 3
Let s be (-12)/(-12) + 3*-1 - -2. Let k(y) = 18*y + s*y**2 + 38 - y**2 - 10. List the prime factors of k(14).
2, 3, 7
Let k = -8133 - -20932. What are the prime factors of k?
12799
Suppose 3*o - 5 = -5*i, -2 = -2*o + 5*o - 2*i. Suppose -3*r - 5*d + 3497 = o, -3*d + 3323 = 2*r + 990. What are the prime factors of r?
2, 587
Let d = -3 - -4. Let b = 2 + d. Suppose -b*q + 1696 = 5*q. What are the prime factors of q?
2, 53
Suppose -3*l + o - 286 = 406, -2*l = -2*o + 464. Let u = -11 - l. List the prime factors of u.
3, 73
Let y(x) = -239*x**3 - x**2 + 81*x + 420. What are the prime factors of y(-5)?
3, 5, 11, 181
Let g(s) = 13*s**3 + 51*s**2 + 8*s + 4. List the prime factors of g(8).
2, 11, 227
Suppose -15*s + 8*s = -1834. Let y = -153 + s. Let v = y + -35. List the prime factors of v.
2, 37
Suppose -6*o + 23*y = 22*y - 82937, 4*o = -2*y + 55310. List the prime factors of o.
2, 3
Let q be ((-4)/12)/(4/3444)*-19. Suppose -6482 = -31*p + q. List the prime factors of p.
5, 7, 11
Let d(s) = 93*s + 80. Let i = 450 + -443. What are the prime factors of d(i)?
17, 43
Let a be 0/(5/(-5) - -3). Suppose 3*z - 2*q = 8, -5 = -4*z - a*z - 3*q. Suppose n + 2 = -1, z*o = -n + 163. What are the prime factors of o?
83
Let d = -77 - -77. Suppose 3*a - 4*m = -1304 + 54, -a + 2*m - 414 = d. Let o = -289 - a. What are the prime factors of o?
7, 19
Suppose -42*z + 3*c - 23017 = -47*z, 0 = -3*z + 5*c + 13817. List the prime factors of z.
2, 1151
Let t(b) = -b**3 - 8*b**2 - 2*b + 14. Let n be t(-5). Let o = n + 152. List the prime factors of o.
101
Suppose -9742 = -4*a - 5*o + 539, o + 12844 = 5*a. Let f = -1451 + a. List the prime factors of f.
2, 13, 43
Suppose s = -5*w - 56, -16 = 3*w + 3*s + 8. Let p be 3/(-9) - ((-32)/w + 3). Let i(r) = -r**3 - 5*r**2 + 5*r + 6. What are the prime factors of i(p)?
2, 3
Let w be -2 - (3 - -15) -